 + y. What is the units digit of n?
7
Let l(w) = -w**3 + 2*w**2 + 2*w + 2. Let b be l(3). Let c be -1 - 3 - (1 + b). What is the units digit of (-136)/(-36) - c/18?
4
Suppose 0 = 3*o + 2*g - 6, g = -2*g + 9. Suppose -11 = -z - o. What is the units digit of z?
1
Let t be -2*2/(-4) + 7. Let u = 5 + t. What is the tens digit of u?
1
Suppose 0*m - 14 = 2*m. Let n(c) = -3*c + 1. Let q be n(m). Suppose -4*d = -2 - q. What is the units digit of d?
6
Let i = 231 - -263. What is the units digit of (-2)/(-4)*i/13?
9
Suppose -w - w = -88. Suppose 5*n - w = 6. What is the tens digit of n?
1
Suppose -4*d + 0*d + 223 = 5*y, 3*y + d - 131 = 0. Let l = y + -29. What is the tens digit of l?
1
Suppose -5*g + 13 = -7. Suppose -32 = -g*m - 12. What is the units digit of m?
5
Suppose 0 = 5*m + 2*z - 171, 2*m + 2*z + 3 - 69 = 0. What is the tens digit of m?
3
Let n(q) = -q**3 + 8*q**2 - 4*q - 6. Let u be n(8). Let t = u + 59. What is the units digit of t?
1
Let z(t) = -t**3 + 5*t**2 - 3*t - 3. Let b be z(3). Suppose l + 2*s = s, -2*s = 4. Suppose 18 = l*c - b. What is the tens digit of c?
1
Let u(m) = m + 8. Let t(y) = y. Let v be t(-7). What is the units digit of u(v)?
1
Let i(d) = -d**2 - 3*d - 5. Let u(z) = z. Let n(l) = i(l) - 4*u(l). What is the units digit of n(-6)?
1
Let j be 15/(-10)*(-4)/(-3). Let h = 16 - j. What is the tens digit of h?
1
Let c be (236/5)/((-4)/(-10)). Suppose -3*y + c = 2*y + 2*h, 124 = 5*y - 4*h. What is the units digit of ((-3)/6)/((-2)/y)?
6
Let m(f) = 2*f**2 + 33*f - 21. What is the units digit of m(-23)?
8
Let g(v) = 0 + 5 + v - 2*v**3 - 6*v**2 + 3*v**3. Let r be g(6). Suppose -r = 4*a - 47. What is the units digit of a?
9
Let z = -2 + 3. Let m = 3 - z. Suppose 5*p + m*r - 17 - 8 = 0, 5*p = 5*r + 25. What is the units digit of p?
5
Suppose 0 = -2*l - l + 69. What is the tens digit of l?
2
Let k(u) be the third derivative of u**5/60 - u**4/24 + u**3/3 - u**2. Let i be k(0). What is the units digit of 2 - (-3 + (2 - i))?
5
What is the units digit of (-89)/(-4) - (-33)/44?
3
Suppose 5*a = -5*i + 35, -3*i + 5 = -3*a + 2. What is the units digit of 0 - 2/i*-6?
3
Suppose -3*x = -0*x - 21. Let y be (9 - x)/((-2)/12). What is the units digit of (-1 + -3)/(8/y)?
6
Suppose -5*a = -4*q + 742, 290 = 2*q + 5*a - 96. What is the hundreds digit of q?
1
Let s be -1 + (-1 - -264) + 3. Suppose -u + s = 4*u. What is the tens digit of u?
5
Suppose h - 70 = -l, 4*l - 322 + 42 = 4*h. What is the units digit of l?
0
Let s(j) = -j**3 - 10*j**2 - 10*j + 1. What is the tens digit of s(-9)?
1
Let m be (-46)/(-14) + (-8)/28. Let d be m*(-2 - (-2 + 1)). Let c = 12 - d. What is the tens digit of c?
1
Let q = 47 - 15. What is the units digit of q?
2
Let b(g) = g**3 - 5*g**2 + 5*g - 2. What is the units digit of b(6)?
4
Suppose -k = -0*k - 43. What is the units digit of k?
3
Let b = 18 - 25. Let n = -5 - b. Suppose l = -n + 5. What is the units digit of l?
3
Let x(m) = 23*m + 1. Let v be x(1). Suppose 0 = -3*r + 4*z + v, 5*r = 2*z + 17 + 9. What is the units digit of r?
4
Suppose h - 40 = -5*o, 14 = 4*o + 3*h - 7. What is the units digit of o?
9
Let y be 2*(2 - 22/4). Let g be 1*(-2 - (y - 0)). Suppose 0*k - g = -5*k. What is the units digit of k?
1
Let v = -2 - -5. Let w be 0*(-1 - -4)/v. Suppose w = -q - 0*p - 2*p + 18, 0 = -4*q + 5*p + 33. What is the tens digit of q?
1
Let r(c) = 0*c - 5*c + 1 + 7*c + 5*c**2. What is the units digit of r(-1)?
4
Let c = -12 - -11. Let b = 13 + -21. Let o = c - b. What is the units digit of o?
7
Suppose 67 = 2*h - 53. What is the tens digit of h?
6
Let v = -24 + 40. Suppose 4*i + 76 = 2*r, 2*r + 5*i = 65 - v. What is the units digit of r?
2
Let q = 8 + -6. Suppose 4 = d - q. What is the units digit of d?
6
Let q = -16 - -11. Let z(o) = -o**2 - 5*o + 5. What is the units digit of z(q)?
5
Suppose -5*x + 281 = 3*d - 199, 3*d + 312 = 3*x. What is the units digit of x?
9
Suppose 0 = -2*u - 5*p + 6, -u = p + 2 - 5. Suppose -r + 16 = 4*o, 4*r + u*o = o + 50. What is the units digit of r?
2
Suppose -4*y + 5*k - 41 = 0, y - 11 = -2*k - k. Let p = -3 + y. Let g = p + 11. What is the units digit of g?
4
Suppose -616 = -5*k - 196. Suppose g - k = -7*m + 2*m, 2*m + 3*g - 44 = 0. What is the units digit of m?
6
Let u be (-24)/(-20)*10/4. Let d(i) = 4 - 2*i**u + 2 + i + i - 5. What is the units digit of d(-2)?
3
Let j be 7/(3 + -2) - -1. Suppose 2*p + 0*p + j = 0. What is the units digit of ((-2)/p)/(2/36)?
9
Let s = -3 - -5. Suppose 0*u - s = u - i, 0 = 4*u + 3*i - 20. Suppose 0 = d - u*d + 7. What is the units digit of d?
7
Suppose 116*a - 632 = 112*a. What is the hundreds digit of a?
1
Suppose 149 + 757 = 3*v. What is the units digit of v?
2
Let o be 24/10 + (-21)/(-35). Let s(h) = 9*h**3 - 10*h**2 - 19. Let q(u) = -4*u**3 + 5*u**2 + 9. Let r(l) = o*s(l) + 7*q(l). What is the units digit of r(5)?
6
Let m = -14 - -35. What is the tens digit of m?
2
Let b(p) = -2*p + 2. Let l be b(5). Let i(z) = -z + 4. Let r be i(l). Suppose -o = -1, 3*s - r = -2*s + 3*o. What is the units digit of s?
3
Let t(w) = 3*w**2 + 11*w - 28. What is the units digit of t(5)?
2
What is the tens digit of 105/(-10)*(-18)/3?
6
Suppose -p = 2*p + 108. What is the units digit of p/(-2)*6/6?
8
Let k(t) be the second derivative of -t**5/20 - 2*t**4/3 - 2*t**3/3 - 3*t**2 + t. What is the tens digit of k(-8)?
2
Suppose -6*r = -0*r - 300. What is the tens digit of r?
5
Let m be 18/8*(-16)/1. Let v be (-6 - 44)*(1 - 2). Let j = m + v. What is the units digit of j?
4
Let z be (-1)/(-4) + (-297)/(-12). What is the units digit of (12/(-5))/((-10)/z)?
6
Let l(k) = k**2 - 17*k + 10. What is the units digit of l(17)?
0
Suppose 30 = 3*h + 6. Let f = h - 7. What is the units digit of f?
1
Let x = 53 + -33. Let k = -10 + x. What is the units digit of k?
0
Let w = -3 - -4. Suppose -3*o = -2*o - w. Suppose 3*c = -q + 4, 4*q - 4*c = 17 - o. What is the units digit of q?
4
Suppose -b = -44 - 171. Suppose 0 = 4*t - b + 59. What is the units digit of t?
9
Let b(h) = -5*h + 8 + h**3 - 10*h**2 + 4*h**2 - 3*h. Let w = 7 + 0. What is the units digit of b(w)?
1
Let g(v) = -21*v**3 + v**2. Let k be g(1). Suppose 4*s - 12 = -4*h + 9*s, 14 = 3*h - 5*s. What is the units digit of h/(-5) - 12/k?
1
Suppose -2*u - 28 = -4*v, -5*v + 16 = 3*u - 8. Let h = -3 + v. What is the units digit of h?
3
Suppose 21 = 5*p + 6. Suppose 5*l - w = p*w + 203, 4*l - 187 = -5*w. What is the units digit of l?
3
Let v(o) = o - 7. Let s be v(7). Let d be s/((3 + 3)/3). Suppose 0 = x - d*x - 1. What is the units digit of x?
1
Let b(x) = 51*x. Let q be b(1). Let y be q - (-2 + 1)*-2. Suppose 5*w - 4*d - y + 3 = 0, -2*w + 18 = -2*d. What is the tens digit of w?
1
Let w(p) = 23*p**2 + 3*p + 3. What is the units digit of w(-2)?
9
Let q(a) be the third derivative of -2/3*a**3 + 2*a**2 + 0 - 1/12*a**4 + 0*a. What is the units digit of q(-5)?
6
Let q be 3 - ((-3 - -1) + 0). Let j(m) = 2*m + 7. What is the tens digit of j(q)?
1
Let r = 2 - -2. Suppose 0 = -2*i + 10 + r. What is the units digit of i?
7
Suppose w + 2*w - 435 = 0. What is the units digit of w?
5
Suppose 0 = 14*g - 19*g + 10. Suppose -b - 2*j = -32, -j + 15 = g*j. What is the tens digit of b?
2
Let o be 1 + -22*(0 - -1). Let l be 74/(-14) - 6/o. Let w(j) = j**3 + 4*j**2 - 7*j - 5. What is the units digit of w(l)?
5
Let f = 16 + -14. Suppose 8 = -f*h + 32. What is the units digit of h?
2
Let c be 9/2*4/(-3). Let a be 4 + -7 - c/1. What is the tens digit of a/(1/10*2)?
1
Let l(v) = -v + 3. Let u = -7 + 3. What is the units digit of l(u)?
7
Suppose 9 = 4*r - 3. Let b(t) = -t - 3*t**r + 0*t**2 - 3 + 2 - 4*t**2 + 3. What is the units digit of b(-2)?
2
Let h(p) be the first derivative of -p**4/2 - p**2 - 3*p - 5. What is the units digit of h(-2)?
7
Let m = -4 - -4. Let z = 10 + -7. Suppose -f = 0, -s - z*f = -m*f - 5. What is the units digit of s?
5
What is the tens digit of (64/3)/((-6)/(-9))?
3
What is the tens digit of (-436)/(-10) + (-4)/(-10)?
4
Let n(q) = 1 - 2 + 2 - 6*q. Let b be n(-4). What is the units digit of (b/5)/((-2)/(-2))?
5
Suppose 3*s + 0*s - 3 = 0. Let j be 4/(-6) + 42/(-18). What is the units digit of ((-3)/s)/(j/2)?
2
Suppose 5*l - 716 = 4*y, -y = -3*l + 2*y + 432. What is the units digit of l?
0
Suppose 4*z - 16 = -4*x, -2*x - 2*x + 19 = 5*z. Suppose -